s the ten millions digit of 6133011967?
3
What is the ten millions digit of 4262316075?
6
What is the millions digit of 20954144?
0
What is the ten thousands digit of 54851917?
5
What is the ten millions digit of 63982545?
6
What is the ten thousands digit of 2064642585?
4
What is the hundreds digit of 979094?
0
What is the billions digit of 3245003701?
3
What is the hundreds digit of 146552723?
7
What is the ten millions digit of 4769822574?
6
What is the hundred thousands digit of 154416050?
4
What is the ten thousands digit of 302633988?
3
What is the ten thousands digit of 240179471?
7
What is the thousands digit of 122929849?
9
What is the millions digit of 567049972?
7
What is the millions digit of 823609793?
3
What is the ten millions digit of 85119571?
8
What is the hundreds digit of 386941286?
2
What is the ten thousands digit of 65160862?
6
What is the hundred thousands digit of 231089459?
0
What is the hundreds digit of 2011251484?
4
What is the millions digit of 122635982?
2
What is the ten thousands digit of 2112988544?
8
What is the hundreds digit of 72064538?
5
What is the tens digit of 267954944?
4
What is the ten thousands digit of 324052955?
5
What is the thousands digit of 87679980?
9
What is the millions digit of 25431929?
5
What is the units digit of 281088241?
1
What is the tens digit of 121891656?
5
What is the thousands digit of 150129328?
9
What is the ten thousands digit of 3169057675?
5
What is the units digit of 36147314?
4
What is the ten thousands digit of 645399303?
9
What is the hundreds digit of 187005269?
2
What is the units digit of 128356723?
3
What is the ten thousands digit of 35139611?
3
What is the units digit of 31310825?
5
What is the hundreds digit of 619353470?
4
What is the ten thousands digit of 121054074?
5
What is the hundred thousands digit of 634231687?
2
What is the units digit of 9399709257?
7
What is the ten thousands digit of 20792982?
9
What is the units digit of 789923799?
9
What is the hundred millions digit of 138249109?
1
What is the thousands digit of 75755270?
5
What is the hundred millions digit of 134312332?
1
What is the hundred thousands digit of 306804686?
8
What is the ten thousands digit of 5270631?
7
What is the hundreds digit of 54937218?
2
What is the ten thousands digit of 4193924?
9
What is the millions digit of 353608004?
3
What is the tens digit of 1411272514?
1
What is the units digit of 295842979?
9
What is the ten thousands digit of 8530883266?
8
What is the tens digit of 166044004?
0
What is the hundred thousands digit of 58535347?
5
What is the thousands digit of 8551635?
1
What is the millions digit of 30707203?
0
What is the millions digit of 2388489137?
8
What is the ten millions digit of 247233678?
4
What is the hundred thousands digit of 1957301378?
3
What is the millions digit of 655613651?
5
What is the millions digit of 1014902223?
4
What is the ten thousands digit of 108897379?
9
What is the hundreds digit of 1682666751?
7
What is the hundreds digit of 251446890?
8
What is the hundred millions digit of 866677428?
8
What is the tens digit of 64146904?
0
What is the tens digit of 2698390369?
6
What is the tens digit of 726946726?
2
What is the thousands digit of 25940840?
0
What is the ten thousands digit of 301009145?
0
What is the millions digit of 10821959?
0
What is the thousands digit of 4039223228?
3
What is the ten millions digit of 144424024?
4
What is the ten millions digit of 31325316?
3
What is the ten thousands digit of 232979323?
7
What is the tens digit of 2007841919?
1
What is the hundred thousands digit of 88732912?
7
What is the ten thousands digit of 432872933?
7
What is the billions digit of 2017456523?
2
What is the ten thousands digit of 454988606?
8
What is the tens digit of 142136620?
2
What is the hundreds digit of 122373148?
1
What is the hundred millions digit of 262843661?
2
What is the thousands digit of 34910263?
0
What is the tens digit of 1275983695?
9
What is the millions digit of 72732907?
2
What is the hundred thousands digit of 3013553471?
5
What is the tens digit of 610958484?
8
What is the units digit of 128335391?
1
What is the millions digit of 458849752?
8
What is the hundred thousands digit of 1265013107?
0
What is the millions digit of 12329761?
2
What is the hundred millions digit of 227202306?
2
What is the thousands digit of 990665981?
5
What is the units digit of 58857116?
6
What is the millions digit of 73480987?
3
What is the hundred thousands digit of 26073115?
0
What is the millions digit of 97450706?
7
What is the units digit of 1373671639?
9
What is the ten millions digit of 161368979?
6
What is the hundred millions digit of 4484827601?
4
What is the hundreds digit of 44008134?
1
What is the billions digit of 2182764943?
2
What is the tens digit of 68079642?
4
What is the millions digit of 66937509?
6
What is the hundreds digit of 36215939?
9
What is the thousands digit of 25457872?
7
What is the tens digit of 3932919378?
7
What is the thousands digit of 237153099?
3
What is the thousands digit of 458024355?
4
What is the hundreds digit of 3679623?
6
What is the units digit of 36258179?
9
What is the hundred millions digit of 1367252943?
3
What is the thousands digit of 49778972?
8
What is the thousands digit of 39700730?
0
What is the ten thousands digit of 214422735?
2
What is the millions digit of 5222415384?
2
What is the ten millions digit of 599633544?
9
What is the thousands digit of 798274197?
4
What is the ten millions digit of 291251154?
9
What is the thousands digit of 3172690922?
0
What is the hundred millions digit of 137996910?
1
What is the tens digit of 56334801?
0
What is the thousands digit of 5960197144?
7
What is the hundreds digit of 3798342954?
9
What is the ten thousands digit of 418485190?
8
What is the ten thousands digit of 49810979?
1
What is the billions digit of 1256740851?
1
What is the ten millions digit of 406437670?
0
What is the hundred thousands digit of 11162132?
1
What is the ten thousands digit of 71331056?
3
What is the hundreds digit of 48296999?
9
What is the billions digit of 4060436492?
4
What is the hundreds digit of 34998775?
7
What is the tens digit of 1428557562?
6
What is the hundred thousands digit of 66268861?
2
What is the tens digit of 106678658?
5
What is the hundreds digit of 651856445?
4
What is the millions digit of 122711637?
2
What is the ten millions digit of 93147606?
9
What is the hundreds digit of 413839807?
8
What is the tens digit of 396364794?
9
What is the hundreds digit of 31405950?
9
What is the hundred millions digit of 1283209667?
2
What is the thousands digit of 601235651?
5
What is the ten thousands digit of 6745149?
4
What is the hundred thousands digit of 847547763?
5
What is the hundred millions digit of 768597726?
7
What is the tens digit of 30143770?
7
What is the hundred thousands digit of 4388410646?
4
What is the tens digit of 1361277870?
7
What is the hundreds digit of 314253683?
6
What is the hundred thousands digit of 10678596?
6
What is the hundred thousands digit of 313737285?
7
What is the units digit of 5047678966?
6
What is the tens digit of 616234848?
4
What is the tens digit of 91072495?
9
What is the ten thousands digit of 91314584?
1
What is the hundred thousands digit of 1820336577?
3
What is the hundreds digit of 2094051544?
5
What is the ten millions digit of 89736422?
8
What is the hundred millions digit of 173371694?
1
What is the millions digit of 19375704?
9
What is the millions digit of 5868540740?
8
What is the hundred millions digit of 170838391?
1
What is the tens digit of 27565499?
9
What is the ten thousands digit of 46233782?
3
What is the hundred millions digit of 3138674041?
1
What is the tens digit of 452506647?
4
What is the ten millions digit of 268167960?
6
What is the ten millions digit of 68870105?
6
What is the hundred thousands digit of 4905718995?
7
What is the millions digit of 104197595?
4
What is the ten millions digit of 889130523?
8
What is the thousands digit of 584825192?
5
What is the ten millions digit of 2631491039?
3
What is the thousands digit of 4965497616?
7
What is the ten millions digit of 287458153?
8
What is the millions digit of 588711693?
8
What is the units digit of 